me number?
True
Suppose 0 = -3*b - 0*b + 345. Suppose 2*z + 41 = b. Is z prime?
True
Suppose 4*c - 40 = -0*c. Suppose c = -3*d + 277. Is d a prime number?
True
Let q(a) = 130*a**2 - 9*a - 6. Is q(-3) a composite number?
True
Let f(z) be the third derivative of -z**6/120 + z**5/10 - z**4/4 - z**3 - z**2. Let k be f(5). Let p = 57 + k. Is p composite?
True
Suppose 28 = r - 33. Let u = 72 + r. Is u composite?
True
Let b = 6 + -3. Suppose 4*u = -u + 3*s - 9, -4*u + 2*s = 6. Suppose 430 = 2*g + 3*g - 5*j, -b*j + 9 = u. Is g composite?
False
Suppose -1788 = -10*j + 5*j - q, 0 = -3*j - 4*q + 1066. Is j composite?
True
Is -13*(-13)/(-1)*(-7 + 6) a prime number?
False
Suppose 65 = -0*w + 5*w. Is w composite?
False
Let t = 6 + 19. Suppose -2*u + d + 147 = t, 216 = 4*u + 5*d. Is u a prime number?
True
Let d be (19 + -15)*10/8. Suppose d*m - 629 = 636. Is m a composite number?
True
Let q = -331 - -1770. Is q prime?
True
Suppose 3*c - 20923 = -2*y, -5*y + 2*y = c - 6965. Is c composite?
False
Let b(y) be the third derivative of -5/6*y**3 - 1/8*y**4 + 0 + 0*y + 4*y**2 + 2/15*y**5. Is b(6) a prime number?
False
Let m(h) = 8*h**2 + 6*h + 13. Is m(8) a composite number?
True
Suppose -3*w = w. Suppose w = 5*y + 2*r + r - 21, -3*r = 9. Is y a composite number?
True
Suppose -22 = -0*n - 4*n - l, -5*l = 3*n - 8. Is (n/(-4))/((-15)/20) a composite number?
False
Let a = 1 + 16. Let l = 26 - a. Suppose -4*j - 130 = -l*j. Is j prime?
False
Suppose 0 - 127 = -i. Is i a prime number?
True
Let z(l) = 2*l**2 + 10*l + 7. Suppose -6*v + 2*v = -52. Let m = -19 + v. Is z(m) prime?
True
Suppose 1 = 4*s + 9. Is 11/(1/(s - -3)) composite?
False
Is 1/(4*6/15144) a prime number?
True
Let v = 255 - 181. Is v prime?
False
Suppose u - j - 8 = -3*j, -2*j + 8 = 5*u. Suppose -4*c - 784 = 4*l, u*l + 2*c - 966 = 5*l. Let r = 287 + l. Is r prime?
False
Suppose 0 = -2*k + 4 + 16. Suppose -3*v + j + 147 = 0, -v + j + 39 + k = 0. Is v a composite number?
True
Suppose -4*o = -111 - 157. Is o a composite number?
False
Suppose -3*x - 1 = -2*i + 12, -4*i + 16 = 4*x. Is (-26)/(-4)*x*-6 a prime number?
False
Let h = -8 - -5. Let o(a) = 4 - a - 1 + 0*a - 4. Is o(h) composite?
False
Suppose -3*l + 18 = -0*l. Let o(k) = k**3 - 6*k**2 - 6*k - 2. Let i be o(l). Is (2/4*i)/(-1) a prime number?
True
Let l be ((-36)/14)/((-6)/28). Let w(r) = -r**3 + 13*r**2 - 11*r + 3. Is w(l) a composite number?
True
Suppose 4*s - 54 = 2*t, 2*t = -5*s + 4*t + 66. Let n = s - 9. Suppose -145 = -n*u + a, -u - a = -6*a - 39. Is u a prime number?
False
Let m(d) = -3*d**2 - d - 5. Let h be m(-6). Let s = 168 + h. Suppose -5*n + 94 = -s. Is n composite?
False
Suppose 2*y = 7*y + 20. Let u be 61/9 + y/(-18). Suppose u*w - 4*w = 45. Is w a prime number?
False
Let i(q) = 136*q**2 - 5*q + 1. Is i(4) composite?
True
Suppose 3*r - 4*a = 16, 3*r + a + 5 = 1. Let g be r + (1 - 4) - 0. Is (-56)/g - 1/(-3) a prime number?
True
Let k = 21 - 17. Suppose 0 = -2*n + k*q + 154, 4*q - 154 = -2*n - 0*q. Is n a composite number?
True
Let f = -22 - -8. Let w = 39 - f. Is w a prime number?
True
Let h = 3 - 3. Suppose 0 = -c - 0*c. Suppose s + c*s - 13 = h. Is s composite?
False
Let u be (-1)/(-4) - (-1)/(-4). Is -15*(u - 6/15) a prime number?
False
Let b = -207 - -466. Is b a composite number?
True
Let b(h) be the third derivative of -h**6/120 + 7*h**5/60 + 3*h**4/8 - h**3 - h**2. Let l be b(6). Let w = -53 + l. Is w a prime number?
True
Let g = 1043 + -628. Is g a composite number?
True
Let n = -5 - -5. Let s = n - 0. Suppose 3*f - f - 124 = s. Is f composite?
True
Suppose g = 4*x + 5*g - 32, -4*g = -x + 3. Suppose -4*y = -4, c + 5*y = y + x. Suppose 3*v - 75 = l, l = -5*v + c*l + 124. Is v a composite number?
True
Let s be 4/(-14) - (-130)/14. Suppose -z = 2*z + s. Let l = 4 - z. Is l composite?
False
Let z(o) = o + 2*o - 2*o. Let d be z(5). Suppose 5*j - 360 = d*r + 195, -4*r = -2*j + 214. Is j a prime number?
False
Suppose 4*k - 4*j = 8*k + 80, -3*k - 80 = -2*j. Let z = -17 - k. Let q = -3 + z. Is q a prime number?
False
Let x(i) = -2*i**3 + i**2 - 2*i - 2. Let o(p) = p**2 + 8*p + 7. Let u be o(-7). Suppose -27 = 5*v + 3*l, -3*v + 5*l + 9 + 2 = u. Is x(v) a prime number?
True
Suppose 0 = -14*j + 8534 + 2372. Is j a composite number?
True
Let p(u) = -52*u - 19. Let d(a) = a - 1. Let w(m) = -5*d(m) + p(m). Is w(-9) prime?
True
Let s(w) = 25*w - 15. Let d be s(11). Let c be d/45 + 4/18. Is (-1)/(-2) - (-723)/c a composite number?
True
Let d = 49 - -1000. Is d prime?
True
Suppose -5*x + 4*p = -769, -p = -2*x - 0*p + 307. Let u = x + 116. Is 4/(-6) - u/(-3) composite?
False
Is (0 - -1)/((-10)/(-470)) a prime number?
True
Is 154 + 4/2 + 4 + -3 prime?
True
Let q(a) = -a**2 - 12*a - 3. Let s be q(-12). Is 1*(s - -5 - -117) a composite number?
True
Let c = 47 - 15. Suppose 2*g - 38 - c = 0. Is g composite?
True
Let l(o) = 2041*o**2 - 9*o + 7. Is l(1) a prime number?
True
Suppose -t = -l - 7, -l + 11 = 3*t + 2*t. Suppose 0 = 2*u + 5*c - 144, 0*u - 2*u + 148 = t*c. Is u a prime number?
False
Let p = -12 + 4. Let k = p - -8. Suppose 4*w + 3*o = 58 - 7, k = -2*o + 10. Is w composite?
True
Let p(r) = r**3 - 6*r**2 + 8*r + 2. Let n be p(7). Suppose -4*t - 350 = t. Let b = n + t. Is b a composite number?
False
Let s be (-12)/32*-4*-2 + -2. Let j(x) = 4*x**3 - 2*x**2 + x + 2. Let b be j(-2). Let a = s - b. Is a a prime number?
False
Suppose c + 4*q - 533 = -0*c, -2*c + 4*q = -1090. Is c a composite number?
False
Let y = 881 - 462. Is y a prime number?
True
Let v be (22/33)/((-1)/9). Let h(p) = p**2 + 3*p + 5. Is h(v) a prime number?
True
Let f(m) = -m**3 + 9*m**2 - 8*m + 8. Let o be f(8). Let c be 85/2 + (-4)/o. Let q = c + -17. Is q a composite number?
True
Suppose 2*d + 0*d = 458. Suppose 5*y + b + 145 = -d, 0 = 3*y - 3*b + 228. Let j = -42 - y. Is j prime?
False
Let n(k) = 14*k - 75. Is n(6) a composite number?
True
Let f(z) = 19*z + 8. Suppose -4*p + p + 18 = 0. Let b be f(p). Suppose 4*q - b + 30 = 0. Is q prime?
True
Let d(z) = 6 - 1 - 28*z + z**3 + 24*z + 9*z**2. Is d(6) a prime number?
True
Let k(y) = -2*y + 0 + 2*y**2 - 6 - 1. Is k(6) composite?
False
Let g(m) = -m**3 - 10*m**2 - 11*m - 15. Let l be g(-9). Is ((-7)/2 + l)*-502 a composite number?
False
Let z(g) = 148*g**3 - g**2 + 2. Is z(1) prime?
True
Suppose 8*i = 7*i + 540. Let t = i - 357. Is t a composite number?
True
Suppose 2*w + 11 - 35 = 5*h, -5*w - 3*h = 2. Is 6/w + 45 + -2 prime?
False
Let t(n) = -3*n**3 + 4*n + 3. Is t(-2) a composite number?
False
Let d = 9 - 4. Suppose 0 = -d*q - 0*q + 385. Is q a composite number?
True
Suppose 4*y - 315 - 121 = 0. Is y a prime number?
True
Let m = 1467 + -721. Is m composite?
True
Let o = -21 + 11. Let g = o + 23. Is g a prime number?
True
Suppose 2*n + 0*i + 4*i = 822, -2*i - 792 = -2*n. Is n a composite number?
False
Suppose -2*f = -5*z - 0*z - 773, z + 1519 = 4*f. Is f a composite number?
False
Let z be 21*(2 + 5 + -2). Suppose z = 5*y + 5*s, -4*y + 87 = s - 0*s. Is y prime?
False
Let d be -4 + 3 - 176*-1. Let u = 330 + d. Is u composite?
True
Let b(o) = o + 1. Let y(i) = 210*i - 8. Let w(t) = -4*b(t) - y(t). Let r be w(-4). Is 4/14 - r/(-28) a prime number?
True
Is (-3 + 0)/(12/(-1172)) prime?
True
Let a(g) = g + 1. Let f be a(4). Suppose f*q = q - 2*m + 44, q - 11 = m. Is q prime?
True
Let a = -353 + 527. Is ((-10)/3)/((-4)/a) a prime number?
False
Is (235/2)/((-7)/(-14)) prime?
False
Let l(n) be the second derivative of 37*n**3/6 + n**2/2 + 3*n. Is l(4) prime?
True
Let m(s) = -s**2 + 6*s + 6. Suppose 10 - 28 = -3*o. Let f be m(o). Is (15/f)/((-1)/(-6)) a prime number?
False
Let f(j) = j**3 - 8*j**2 + 4*j + 10. Let v be f(7). Is (v/2)/(2/(-20)) composite?
True
Suppose -3*y - 36 = 5*q, 2*q = 3*q + 5*y + 16. Let j(w) = 2*w**3 - 2*w**2 + 2*w + 1. Let h be j(2). Let b = q + h. Is b a composite number?
False
Let s be (-1 - 46)/(-9 + 10). Is (s/3)/(2/(-12)) a composite number?
True
Let f(k) = -k**3 + 47. Let q be f(0). Suppose -13 = -2*g + q. Suppose -5*a = 10 - g. Is a prime?
False
Let f = -11 - -11. Suppose -3*x = -f*x - 15. Is -226*(x - 3)/(-4) a composite number?
False
Let p be 2/10 - 2097/(-15). Suppose x + p = 6*x. Let g = 18 + x. Is g a composite number?
True
Let n = 243 + -164. Is n a prime number?
True
Let t(o) = -o + 2. Let y be t(2). Sup